 number?
False
Is 13758161 a composite number?
False
Is 19602833 a prime number?
True
Is 5255879 prime?
True
Is 7789073 a prime number?
True
Is 12341767 a composite number?
True
Is 113357 a prime number?
True
Is 960637 a composite number?
False
Is 13672883 a composite number?
True
Is 226112603 composite?
True
Is 535217 a prime number?
False
Is 146213 composite?
False
Is 19268153 composite?
False
Is 17254389 a prime number?
False
Is 11327003 a prime number?
False
Is 7406093 a prime number?
False
Is 4169119 a prime number?
True
Is 260630933 composite?
True
Is 23183527 a composite number?
True
Is 609673 composite?
False
Is 262156117 a prime number?
True
Is 36035807 composite?
False
Is 5046959 a composite number?
True
Is 203139007 a composite number?
False
Is 2665609 a composite number?
True
Is 227447257 prime?
True
Is 822490863 prime?
False
Is 19627039 a composite number?
True
Is 15797477 prime?
True
Is 10597287 a prime number?
False
Is 245490019 prime?
True
Is 12323 composite?
False
Is 168073501 a composite number?
False
Is 27806851 a composite number?
True
Is 46719859 composite?
True
Is 40924129 a prime number?
False
Is 11500871 prime?
False
Is 11835199 a prime number?
True
Is 4131461 prime?
False
Is 107851 a composite number?
True
Is 829453 prime?
True
Is 795527 prime?
True
Is 1784219 prime?
False
Is 10998874 a composite number?
True
Is 43136363 composite?
True
Is 2751313 a composite number?
False
Is 12331713 prime?
False
Is 86091 a composite number?
True
Is 11569289 a prime number?
False
Is 61520033 a prime number?
False
Is 22382051 a prime number?
True
Is 4701461 a prime number?
False
Is 71134186 a composite number?
True
Is 87234373 a prime number?
True
Is 19213639 a composite number?
True
Is 12523141 composite?
True
Is 192688103 a prime number?
False
Is 98931881 composite?
True
Is 5205103 a prime number?
True
Is 40559183 a composite number?
True
Is 3528683 a prime number?
False
Is 46831079 prime?
True
Is 17427677 composite?
True
Is 216447613 a prime number?
True
Is 8834317 composite?
True
Is 19095971 composite?
False
Is 3782998 a prime number?
False
Is 93404991 composite?
True
Is 28930739 composite?
True
Is 26344277 prime?
False
Is 157067017 composite?
False
Is 3374671 a prime number?
True
Is 25177637 prime?
True
Is 1610749 a prime number?
False
Is 343070293 prime?
True
Is 7011347 composite?
True
Is 662969627 prime?
False
Is 25572007 a prime number?
True
Is 1903199 prime?
True
Is 5308118 prime?
False
Is 12665843 a composite number?
True
Is 12832271 prime?
True
Is 33063441 composite?
True
Is 3960251 a composite number?
False
Is 2726327 composite?
False
Is 1288291 composite?
False
Is 331611155 composite?
True
Is 135101 a prime number?
True
Is 41278331 a composite number?
False
Is 1566997 a prime number?
True
Is 101201681 prime?
False
Is 10212313 prime?
True
Is 14559317 composite?
False
Is 1248757 composite?
False
Is 8491121 a prime number?
True
Is 56906017 prime?
False
Is 123154874 a prime number?
False
Is 1423027 a prime number?
False
Is 52028035 a prime number?
False
Is 78827431 composite?
False
Is 69199 a prime number?
False
Is 2022353 a prime number?
False
Is 52355741 prime?
True
Is 5647767 a composite number?
True
Is 38954359 a prime number?
False
Is 61155203 a composite number?
True
Is 6273329 a prime number?
True
Is 2276603 prime?
False
Is 40353323 a prime number?
True
Is 7879139 composite?
True
Is 11577469 a composite number?
True
Is 423923 prime?
False
Is 69072231 prime?
False
Is 179430193 a composite number?
False
Is 15233 a composite number?
False
Is 4554679 a prime number?
False
Is 6845287 a prime number?
True
Is 25881643 prime?
True
Is 4239473 a prime number?
False
Is 4198349 a prime number?
True
Is 14288333 a composite number?
False
Is 109902853 prime?
True
Is 11960815 a composite number?
True
Is 18156605 prime?
False
Is 1826309 a prime number?
False
Is 9071731 a composite number?
True
Is 1118548118 composite?
True
Is 99774139 a composite number?
True
Is 1074927637 prime?
False
Is 17964149 a prime number?
False
Is 321086377 a composite number?
True
Is 24551353 composite?
False
Is 10891511 a composite number?
False
Is 117377 prime?
False
Is 795811 composite?
True
Is 3675722627 prime?
True
Is 214973261 a composite number?
False
Is 1575001 a prime number?
False
Is 4992929 a prime number?
True
Is 396214553 a composite number?
True
Is 91334371 composite?
False
Is 11968939 a composite number?
False
Is 1040636105 prime?
False
Is 1664353 a prime number?
True
Is 1663087 composite?
True
Is 5578319 composite?
False
Is 23572847 a composite number?
True
Is 535093 prime?
False
Is 5351657 a composite number?
False
Is 506039971 a prime number?
False
Is 284866366 prime?
False
Is 254962 prime?
False
Is 55716763 a composite number?
False
Is 841333 composite?
False
Is 206023667 prime?
False
Is 1140493 prime?
True
Is 10474151 a composite number?
False
Is 12191195 a composite number?
True
Is 14473595 prime?
False
Is 363397 composite?
False
Is 561349463 a composite number?
False
Is 1724057 prime?
False
Is 10781369 prime?
True
Is 16850051 prime?
True
Is 38945042 a prime number?
False
Is 21837529 a composite number?
True
Is 11556133 composite?
True
Is 213769117 prime?
False
Is 35428623 prime?
False
Is 2192459 a prime number?
True
Is 16774879 composite?
True
Is 88287047 a composite number?
True
Is 2211983 prime?
True
Is 1378499 composite?
False
Is 273287 composite?
True
Is 3445967 prime?
False
Is 86288933 a composite number?
True
Is 46576319 composite?
True
Is 1770383 prime?
False
Is 68544067 a composite number?
False
Is 622723627 prime?
True
Is 27873619 a prime number?
False
Is 16592519 prime?
True
Is 3467039 prime?
True
Is 861628037 a composite number?
True
Is 13344691 composite?
True
Is 121299307 a composite number?
False
Is 28687909 prime?
True
Is 16762247 a prime number?
False
Is 632557 a composite number?
False
Is 2150383 a prime number?
True
Is 241955915 composite?
True
Is 1492499 a prime number?
True
Is 26631419 a prime number?
True
Is 27980201 a prime number?
True
Is 211650011 a prime number?
True
Is 819101 a prime number?
True
Is 456919 a prime number?
False
Is 6667329 a composite number?
True
Is 4964243 prime?
True
Is 33652679 prime?
True
Is 8146619 prime?
False
Is 25752329 prime?
False
Is 4579309 a composite number?
True
Is 89657681 a composite number?
False
Is 39981533 composite?
True
Is 383443 a composite number?
True
Is 8052817 prime?
True
Is 12572789 composite?
True
Is 22025971 composite?
True
Is 3722997 prime?
False
Is 142463137 prime?
True
Is 39013661 composite?
True
Is 179535877 a prime number?
False
Is 924029 composite?
True
Is 213123787 a prime number?
True
Is 2985781 a prime number?
True
Is 564103801 composite?
False
Is 3415613 a prime number?
False
Is 68069359 composite?
True
Is 385031 a prime number?
False
Is 27273803 a composite number?
False
Is 142337015 a prime number?
False
Is 316517 a prime number?
False
Is 8089247 prime?
True
Is 1889122 a prime number?
False
Is 2682731 composite?
False
Is 95164301 prime?
True
Is 6515261 prime?
True
Is 23918789 prime?
True
Is 101633461 a composite number?
True
Is 76298 prime?
False
Is 550427 a composite number?
False
Is 1665653 a composite number?
True
Is 579863 a composite number?
True
Is 13831987 a prime number?
False
Is 3126341 a prime number?
False
Is 151815439 prime?
True
Is 293770481 composite?
False
Is 1447529 a prime number?
True
Is 18012859 a composite number?
True
Is 484691 a prime number?
True
Is 3263747 composite?
True
Is 39019 prime?
True
Is 20893358 composite?
True
Is 2692441 composite?
True
Is 406043507 prime?
False
Is 58091009 a composite number?
False
Is 23670313 a composite number?
True
Is 11826481 prime?
True
Is 3803997 a prime number?
False
Is 106113671 a prime number?
False
Is 433469495 a prime number?
False
Is 657703 composite?
False
Is 46570003 a prime number?
True
Is 21492737 a prime number?
False
Is 1828063 composite?
True
Is 149370467 a prime number?
True
Is 24069061 prime?
True
Is 6353902 composite?
True
Is 37049461 a composite number?
False
Is 14003729 composite?
True
Is 19565527 a composite number?
False
Is 178258559 a composite number?
False
Is 8074607 prime?
False
Is 750767497 prime?
True
Is 385283 a composite number?
True
Is 620051 a composite number?
Fals